{"id":197,"date":"2021-05-12T16:37:27","date_gmt":"2021-05-12T16:37:27","guid":{"rendered":"http:\/\/www.unesr.edu.ve\/?page_id=197"},"modified":"2022-09-25T19:38:46","modified_gmt":"2022-09-25T23:38:46","slug":"nosotros","status":"publish","type":"page","link":"https:\/\/unesr.edu.ve\/?page_id=197","title":{"rendered":"Nosotros"},"content":{"rendered":"<h1>Nosotros<\/h1>\n<h3>Informaci\u00f3n de la Instituci\u00f3n<\/h3>\n<p>\t\t\t<a role=\"button\"><br \/>\n\t\t\t\t\t<\/a><\/p>\n<h2>Misi\u00f3n<\/h2>\n<p>&nbsp;La Universidad Nacional Experimental Sim\u00f3n Rodr\u00edguez tiene como misi\u00f3n fundamental la b\u00fasqueda, generaci\u00f3n, aplicaci\u00f3n y difusi\u00f3n del conocimiento y el afianzamiento de los valores transcendentales del hombre y la sociedad.<\/p>\n<p>\t\t<\/p>\n<h2>Visi\u00f3n<\/h2>\n<p>&nbsp;Hacer de la Universidad Sim\u00f3n Rodr\u00edguez una instituci\u00f3n global, de vocaci\u00f3n, integracionista y latinoamericana, abierta al cambio, flexible, innovadora, andrag\u00f3gica y de excelencia, que promueva y practique la libertad de pensamiento y acci\u00f3n, fomente la participaci\u00f3n y la profundizaci\u00f3n de los valores \u00e9ticos democr\u00e1ticos; que permanezcan en la b\u00fasqueda constante del desarrollo sostenido y armonioso de la sociedad, y del individuo y est\u00e9 profundamente comprometida con el desarrollo de la Comunidad.<\/p>\n<\/p>\n<p>\t\t\t\t\t\t\t\t\t\t<img decoding=\"async\" width=\"440\" height=\"440\" src=\"http:\/\/www.unesr.edu.ve\/wp-content\/uploads\/2021\/05\/About-Page-intro-pic.png\" alt=\"\" loading=\"lazy\" \/>\t\t\t\t\t\t\t\t\t\t\t<\/p>\n<h3>Noticias Institucionales<\/h3>\n<h2>Creemos en el trabajo duro y la dedicaci\u00f3n<\/h2>\n<p>Traemos para ti, las noticias que conciernen a nuestra instituci\u00f3n, de la mano de nuestro equipo de prensa<\/p>\n<p>\t\t\t<a href=\"http:\/\/www.unesr.edu.ve\/noticias\/\" role=\"button\"><br \/>\n\t\t\t\t\t\tNoticias<br \/>\n\t\t\t\t\t<\/a><\/p>\n<h3>Conoce a nuestro Consejo Directivo<\/h3>\n<h2>Estas son las caras que nos gu\u00edan al \u00e9xito<\/h2>\n<p>No podr\u00edamos hacerlo sin ellos<\/p>\n<h2>\n\t\t\t\t\t\tDra. Ana Alejandrina Reyes\t\t\t\t\t<\/h2>\n<p>\t\t\t\t\t\tRectora\t\t\t\t\t<\/p>\n<h2>\n\t\t\t\t\t\tGral. Div. Luis Bracho\t\t\t\t\t<\/h2>\n<p>\t\t\t\t\t\tVice-rector Academico \t\t\t\t\t<\/p>\n<h2>\n\t\t\t\t\t\tDra. Ana G\u00f3mez\t\t\t\t\t<\/h2>\n<p>\t\t\t\t\t\tVice-rectora Administrativa\t\t\t\t\t<\/p>\n<h2>\n\t\t\t\t\t\tDr. Marcos M\u00e9dina\t\t\t\t\t<\/h2>\n<p>\t\t\t\t\t\tSecretario\t\t\t\t\t<\/p>\n<h3>Nuestros convenios<\/h3>\n<h2>Trabajamos mano a mano con ellos<\/h2>\n<p>Lorem ipsum dolor sit orot amet, consectetur adip scing<br \/>elit. Proin rutrum euismod dolor, ultricies aliq luam off<br \/>kool or taka ekolor.<\/p>\n<figure><img decoding=\"async\" src=\"http:\/\/www.unesr.edu.ve\/wp-content\/uploads\/2021\/05\/1-2.png\" alt=\"1-2.png\" \/><\/figure>\n<figure><img decoding=\"async\" src=\"http:\/\/www.unesr.edu.ve\/wp-content\/uploads\/2021\/05\/2-1.png\" alt=\"2-1.png\" \/><\/figure>\n<figure><img decoding=\"async\" src=\"http:\/\/www.unesr.edu.ve\/wp-content\/uploads\/2021\/05\/5-1.png\" alt=\"5-1.png\" \/><\/figure>\n<figure><img decoding=\"async\" src=\"http:\/\/www.unesr.edu.ve\/wp-content\/uploads\/2021\/05\/6-1.png\" alt=\"6-1.png\" \/><\/figure>\n<figure><img decoding=\"async\" src=\"http:\/\/www.unesr.edu.ve\/wp-content\/uploads\/2021\/05\/3-2.png\" alt=\"3-2.png\" \/><\/figure>\n<figure><img decoding=\"async\" src=\"http:\/\/www.unesr.edu.ve\/wp-content\/uploads\/2021\/05\/13-2.png\" alt=\"13-2.png\" \/><\/figure>\n<figure><img decoding=\"async\" src=\"http:\/\/www.unesr.edu.ve\/wp-content\/uploads\/2021\/05\/14-2.png\" alt=\"14-2.png\" \/><\/figure>\n<figure><img decoding=\"async\" src=\"http:\/\/www.unesr.edu.ve\/wp-content\/uploads\/2021\/05\/15-1.png\" alt=\"15-1.png\" \/><\/figure>\n<figure><img decoding=\"async\" src=\"http:\/\/www.unesr.edu.ve\/wp-content\/uploads\/2021\/05\/16-2.png\" alt=\"16-2.png\" \/><\/figure>\n<h4>\u00bfDeseas capacitar a tu personal?<\/h4>\n<h2>Podemos ayudarte en eso<\/h2>\n<p>\t\t\t<a href=\"http:\/\/www.unesr.edu.ve\/contactanos\/\" role=\"button\"><br \/>\n\t\t\t\t\t\tCont\u00e1ctanos<br \/>\n\t\t\t\t\t<\/a><br \/>\n\t\t\t\t\t\t\t\t\t\t<img decoding=\"async\" width=\"539\" height=\"539\" src=\"http:\/\/www.unesr.edu.ve\/wp-content\/uploads\/2021\/05\/CTA-About-new.png\" alt=\"\" loading=\"lazy\" \/><\/p>\n","protected":false},"excerpt":{"rendered":"<p>Nosotros Informaci\u00f3n de la Instituci\u00f3n Misi\u00f3n &nbsp;La Universidad Nacional Experimental Sim\u00f3n Rodr\u00edguez tiene como misi\u00f3n fundamental la b\u00fasqueda, generaci\u00f3n, aplicaci\u00f3n y difusi\u00f3n del conocimiento y el afianzamiento de los valores transcendentales del hombre y la sociedad. Visi\u00f3n &nbsp;Hacer de la Universidad Sim\u00f3n Rodr\u00edguez una instituci\u00f3n global, de vocaci\u00f3n, integracionista y latinoamericana, abierta al cambio, flexible,&#8230;<\/p>\n","protected":false},"author":1,"featured_media":0,"parent":0,"menu_order":0,"comment_status":"closed","ping_status":"closed","template":"elementor_header_footer","meta":{"_kadence_starter_templates_imported_post":false,"_kad_post_transparent":"","_kad_post_title":"","_kad_post_layout":"","_kad_post_sidebar_id":"","_kad_post_content_style":"","_kad_post_vertical_padding":"","_kad_post_feature":"","_kad_post_feature_position":"","_kad_post_header":false,"_kad_post_footer":false,"footnotes":""},"_links":{"self":[{"href":"https:\/\/unesr.edu.ve\/index.php?rest_route=\/wp\/v2\/pages\/197"}],"collection":[{"href":"https:\/\/unesr.edu.ve\/index.php?rest_route=\/wp\/v2\/pages"}],"about":[{"href":"https:\/\/unesr.edu.ve\/index.php?rest_route=\/wp\/v2\/types\/page"}],"author":[{"embeddable":true,"href":"https:\/\/unesr.edu.ve\/index.php?rest_route=\/wp\/v2\/users\/1"}],"replies":[{"embeddable":true,"href":"https:\/\/unesr.edu.ve\/index.php?rest_route=%2Fwp%2Fv2%2Fcomments&post=197"}],"version-history":[{"count":25,"href":"https:\/\/unesr.edu.ve\/index.php?rest_route=\/wp\/v2\/pages\/197\/revisions"}],"predecessor-version":[{"id":405,"href":"https:\/\/unesr.edu.ve\/index.php?rest_route=\/wp\/v2\/pages\/197\/revisions\/405"}],"wp:attachment":[{"href":"https:\/\/unesr.edu.ve\/index.php?rest_route=%2Fwp%2Fv2%2Fmedia&parent=197"}],"curies":[{"name":"wp","href":"https:\/\/api.w.org\/{rel}","templated":true}]}}